 r = 78 + 4. Let f = -65 + 93. What is the remainder when r is divided by f?
26
Let r = 7 + -34. Let c = r + 70. Suppose -p + 39 = 2*a, -a + p = -4*a + 61. What is the remainder when c is divided by a?
21
Let y(x) = x**2 + x. Suppose 2*r = -2*c + 18, 9*r + 2*c = 4*r + 36. What is the remainder when y(r) is divided by 22?
20
Let s = -84 + 125. What is the remainder when s is divided by -1 - (28/(-2) - -2)?
8
Let o(p) = p**2 + 8*p + 10. What is the remainder when 118 is divided by o(-8)?
8
Let p be ((-30)/(-9))/(2/(-6)). Let s = p + 16. Calculate the remainder when s is divided by 4.
2
Let n = -29 + 43. Calculate the remainder when 40 is divided by n.
12
What is the remainder when 9 is divided by 1 + ((-2)/10 - 186/(-30))?
2
Let w(v) = -3*v**3 - 2*v**2 + 2*v + 3. Let p = 0 + 6. Let k be (p/(-4))/((-3)/(-4)). What is the remainder when 29 is divided by w(k)?
14
Let j be (-82)/4*(1 + 1). Let l = 62 + j. What is the remainder when 40 is divided by l?
19
Suppose -r + 5 + 14 = 0. What is the remainder when 54 is divided by r?
16
Suppose n - 5*a = 21, 4*a = -a - 5. Calculate the remainder when 78 is divided by n.
14
Let b be (-8)/2 + (-2)/2. Let v be (b + 2)/(-3) + 2. Suppose -v*f + 3 = -6. What is the remainder when 5 is divided by f?
2
Let d(i) = i + 11 + 2*i - 4*i. Let y be d(13). Calculate the remainder when 8 is divided by 2/4 + (-9)/y.
3
Suppose 7*w - 5*w = -38. Let o = -16 - w. Calculate the remainder when 11 is divided by o.
2
Suppose -15 = 5*t - 95. What is the remainder when 61 is divided by t?
13
Suppose 0*p - 3*p = 4*k - 116, -3*p + 101 = k. Let z be p/(-14) - (-10)/35. Calculate the remainder when z + 28 + (-6)/2 is divided by 6.
5
Let f be -4*(-3)/12*1. Suppose -2*v = -f - 3. Suppose -2*k + v = 3*g, 5*g - 2*k = 3*g + 8. What is the remainder when 4 is divided by g?
0
Let j(h) = 21*h**3 - 3*h**2 + 3*h. Let k(p) = p**2 - p. Let s(z) = j(z) + 2*k(z). What is the remainder when 62 is divided by s(1)?
20
Let k(b) = 29*b - 5. Let u be k(4). Suppose -3*d + 3*v = -u, 0*d = 4*d - 2*v - 144. What is the remainder when d is divided by 2 + 0/(-4*1) - -16?
17
Suppose -3*n = 12 - 30. Let b = 3 + n. Calculate the remainder when -1*3/b*-39 is divided by 7.
6
Suppose -2*l - 4*m + 2 = 8, 0 = -2*l + 2*m + 24. Let c = -13 - -32. What is the remainder when c is divided by l?
5
Let l(m) = m**3 + 4*m**2 - 1. Let j be l(-4). Suppose 0 = 2*y + 2*c + 76, 5*c = -0*y + 2*y + 48. Let a = j - y. What is the remainder when a is divided by 17?
16
Let u(a) = -a**3 - 2*a**2 - 2. Let f be u(-3). Suppose -f*g + 172 = -3*g. Calculate the remainder when g is divided by ((-5)/2)/(3/(-18)).
13
Let s be 13/(-11) + (-2)/(-11). What is the remainder when 14 is divided by (-57)/(-7) + s/7?
6
Let c = 2 + -8. What is the remainder when (c/(-15) + 0)*85 is divided by 18?
16
Let k be -1 + 1 + 0/(-3). Suppose 0 = -4*f + 12 - k. Calculate the remainder when 4 is divided by f.
1
Let x(i) = 5*i - 4. Let a be x(4). Suppose a = 2*n - 14. What is the remainder when 43 is divided by n?
13
Let s(a) = 3*a + 16. Suppose -5*l + 52 = -l. What is the remainder when s(l) is divided by 14?
13
Suppose -2*c = -3*a + 5*a + 14, 0 = a - c + 11. Suppose 0 = 5*t - 88 - 12. Calculate the remainder when t is divided by (-12)/(-6) - (a - 0).
9
Let c(h) = 31*h - 12. Let j be ((-1)/2)/((-1)/8). Suppose 9 = -j*t + 53. Calculate the remainder when c(1) is divided by t.
8
Let g(o) = -o**3 - 24*o**2 + 24*o - 16. Calculate the remainder when 61 is divided by g(-25).
7
Let p be 86/12 - 7/42. Suppose 0 = -5*t + 10, f - p*t = -3*t + 41. Calculate the remainder when f is divided by 25.
24
Suppose 2 = 2*r - 2. Suppose 7*s - 18 = -4. Calculate the remainder when 8/r + 2/(-1) is divided by s.
0
Let v(l) = -2*l**2 + 2*l - 1. Let i be v(4). Let p = -6 - i. Let f = 49 - 42. What is the remainder when p is divided by f?
5
Suppose -5*p + f = -31 + 10, 5*p - 18 = -2*f. Suppose -14 = p*w + 74. Let v = w - -48. Calculate the remainder when v is divided by 9.
8
Let j(v) = -3*v**3 - 2*v**2 - 2*v - 1. Let m(z) = 9*z**2 - 10 - z**2 + 10 + 2*z. Calculate the remainder when m(2) is divided by j(-2).
17
Suppose 39 = 4*v - 37. Suppose 5*d = -4*b + 43, d - 7*b + 4*b - 1 = 0. Calculate the remainder when v is divided by d.
5
Let b be (-1)/(-7) - (-921)/21. Suppose b = 2*q + 3*p, 2*q - 48 = -p - p. Calculate the remainder when q is divided by 10.
8
Let d(q) = 2*q**2 - 5*q - 3. What is the remainder when (5 - 3)/(10/205) is divided by d(5)?
19
Let j(n) = n**2 + 13*n + 18. What is the remainder when j(-12) is divided by 2?
0
Let x be 8 - (-6)/(-3) - 2. Suppose 0*y = -x*y + a + 24, -y + 6 = -5*a. Suppose y = 2*o - 28. Calculate the remainder when o is divided by 9.
8
Suppose -168 = -4*g - 2*l, 3*l - 10 = 4*g - 158. What is the remainder when 277 is divided by g?
37
Let k = -37 + 76. Calculate the remainder when k is divided by 14.
11
Suppose -9*x = -8*x + 2*y - 31, -5*x + 146 = y. What is the remainder when 44 is divided by x?
15
Let n(z) = -2*z + 2. Let q = 66 + -38. Calculate the remainder when (q/8)/((-2)/(-20)) is divided by n(-5).
11
What is the remainder when 546/22 - (-8)/44 is divided by 13?
12
Let k = -16 + 28. Suppose y = -y + 188. Suppose y = b + b. What is the remainder when b is divided by k?
11
Suppose 2*y - 27 = -3*g - y, 3*y - 12 = 0. What is the remainder when 9 is divided by g?
4
Suppose 0*u = 2*u - 8. Calculate the remainder when (-32)/(-4) + (-1)/(-1) is divided by u.
1
Suppose 4*n = -7*n + 33. Calculate the remainder when 6 is divided by n.
0
Let t(d) = -7*d - 3. Calculate the remainder when t(-10) is divided by 17.
16
Suppose y - 3*y + 40 = 4*r, -4*r = 3*y - 52. Let o(l) = l**2 - 3*l + 5. Calculate the remainder when o(7) is divided by y.
9
Let w = -51 + 79. What is the remainder when 52 is divided by w?
24
Let d be (12/21)/(2/7). Suppose 2*t + d*t = 36. What is the remainder when t is divided by 3?
0
Suppose 5*j - 615 = -5*k, -2*k = 3*j - 4*j + 108. Calculate the remainder when j is divided by 12.
10
Let w = 68 - 54. What is the remainder when 53 is divided by w?
11
Let a be 2/8 + (-150)/(-8). Suppose 28 = 2*f - 3*z, 0 = f + z - 0*z - a. Calculate the remainder when f is divided by 6.
5
Let c(h) = h**2 - h - 2. Calculate the remainder when c(3) is divided by 22/14 + 3/7.
0
Let s = 53 + -27. What is the remainder when 98 is divided by s?
20
Suppose -4*f - f + c + 51 = 0, -2*c = -5*f + 52. Calculate the remainder when 18 is divided by f.
8
Suppose 0 = -j + 5*r - 15, -4*j - 5*r + 24 + 16 = 0. What is the remainder when 1 + 1 + 110/j is divided by 9?
6
Let j be (-92)/(-10) - (-3)/(-15). Let q be (j/(-2))/(1/(-12)). Let d = q + -29. What is the remainder when d is divided by 14?
11
Let n(d) = 20*d**3 - 2*d**2 + 4*d - 1. Let r(a) = -a**3 + 3 - 2*a + 4*a**2 + 2*a**3 + 0*a**2. Calculate the remainder when n(1) is divided by r(-4).
10
Suppose -15*u = -8*u - 707. Calculate the remainder when u is divided by 29.
14
Let l be (-1)/(0 + (-2)/26). Let n = l - 7. What is the remainder when 10 is divided by n?
4
Let r = 60 - -6. Suppose -p + 4*p = r. Calculate the remainder when 65 is divided by p.
21
Let y(j) = 11*j**2 - 1. Calculate the remainder when (1/(-1))/(1/(-38)) is divided by y(-1).
8
Let d(t) = 17*t - 7. What is the remainder when 129 is divided by d(3)?
41
Let n = 64 + -27. What is the remainder when n is divided by 20?
17
Let s(p) = -p**3 - 8*p**2 + 7*p + 4. Let d(x) = -3*x. Let v be d(3). Let r = 15 + -3. What is the remainder when s(v) is divided by r?
10
Suppose 28 = 2*x + 2. Let j(b) = -b**2 - 5*b + 5. Let t be j(-10). Calculate the remainder when 10/t + (-454)/(-18) is divided by x.
12
Let s(l) = l**2 - 4*l + 1. Suppose -p - 2 = -q, 0*p + 3 = p. Let j be s(q). What is the remainder when (j/(-4))/(12/(-208)) is divided by 14?
12
Suppose 12 = 5*s - 2*s. Suppose 76 = s*o + 4*x, -2*o = -3*o - 4*x + 34. What is the remainder when 39 is divided by o?
11
Let p(z) = z**3 + 6*z**2 - 2*z + 5. Suppose -3*h - 2*y + 44 = 0, -4*h + y + 0*y = -44. Let x = h + -17. What is the remainder when p(x) is divided by 14?
12
Let l = 179 + -130. Let m(h) = -h**3 - 8*h**2 - 9*h - 1. Calculate the remainder when l is divided by m(-7).
10
Let h(k) = -58*k**2 - 2*k + 5. Let m(x) = 39*x**2 + x - 3. Let t(g) = 5*h(g) + 8*m(g). Calculate the remain